 common factor of 14 and 41083.
7
Calculate the greatest common divisor of 173 and 274378.
173
Calculate the highest common divisor of 490314 and 14586.
1122
Calculate the greatest common divisor of 249842 and 318.
106
Calculate the highest common factor of 460 and 65970.
10
Calculate the greatest common factor of 31 and 1079141.
31
Calculate the highest common divisor of 98 and 497889.
49
Calculate the greatest common divisor of 8712 and 176.
88
What is the greatest common divisor of 16832 and 112?
16
What is the greatest common divisor of 23 and 1460?
1
What is the greatest common divisor of 1723911 and 2472?
309
Calculate the greatest common divisor of 6216 and 44184.
168
What is the greatest common factor of 14383 and 38?
19
Calculate the greatest common factor of 30565 and 5.
5
Calculate the highest common divisor of 45 and 5555.
5
What is the greatest common factor of 52718 and 7482?
86
Calculate the greatest common divisor of 82176 and 184.
8
Calculate the highest common factor of 101711 and 527.
527
What is the highest common factor of 1265 and 571670?
55
Calculate the greatest common divisor of 52500 and 247100.
700
Calculate the highest common divisor of 76 and 376048.
76
Calculate the greatest common factor of 16 and 498832.
16
What is the greatest common factor of 1120 and 7420?
140
Calculate the highest common factor of 355 and 234655.
355
What is the highest common factor of 20315 and 51?
17
Calculate the greatest common divisor of 63 and 1967.
7
What is the highest common divisor of 1421 and 5908?
7
What is the highest common divisor of 106095 and 990?
165
What is the greatest common factor of 113856 and 44?
4
What is the greatest common divisor of 122 and 454816?
122
Calculate the highest common factor of 180 and 30276.
36
Calculate the highest common factor of 59223 and 684.
57
Calculate the greatest common factor of 51 and 562785.
51
Calculate the greatest common divisor of 1018783 and 89.
89
What is the highest common divisor of 3433859 and 74?
37
Calculate the greatest common divisor of 1843 and 15941.
19
What is the highest common factor of 1088886 and 5230?
1046
Calculate the greatest common factor of 731187 and 17051.
1003
What is the highest common divisor of 4760 and 40970?
170
Calculate the highest common factor of 438 and 15234.
6
What is the greatest common factor of 1479 and 5763?
51
What is the highest common divisor of 12 and 145804?
4
Calculate the highest common divisor of 459594 and 729.
81
Calculate the highest common factor of 304500 and 192.
12
Calculate the greatest common divisor of 450 and 31550.
50
Calculate the highest common divisor of 719113 and 58.
29
Calculate the highest common divisor of 49848 and 35340.
372
What is the highest common divisor of 138419 and 97?
97
What is the highest common divisor of 693 and 13068?
99
Calculate the greatest common factor of 89904 and 18.
6
What is the highest common divisor of 4700 and 49900?
100
What is the greatest common divisor of 4450 and 1239325?
2225
What is the greatest common divisor of 4667244 and 12?
12
What is the greatest common divisor of 35 and 642610?
5
What is the greatest common factor of 217 and 284452?
7
What is the highest common divisor of 1540 and 2111780?
220
What is the greatest common factor of 44400 and 8436?
444
Calculate the highest common divisor of 1535392 and 128.
32
What is the greatest common divisor of 144 and 171840?
48
What is the greatest common factor of 4249350 and 190?
190
What is the highest common factor of 31460 and 14560?
260
Calculate the highest common factor of 1172 and 779966.
586
What is the highest common divisor of 675 and 83565?
135
Calculate the greatest common divisor of 160547 and 181.
181
Calculate the greatest common factor of 54498 and 3937.
31
What is the highest common factor of 252516 and 88?
44
What is the highest common factor of 32 and 15968?
32
Calculate the highest common divisor of 78377 and 169.
13
What is the highest common divisor of 33284 and 4082?
314
What is the highest common divisor of 1032 and 52104?
24
What is the highest common factor of 2847 and 741?
39
Calculate the greatest common divisor of 7665 and 4515.
105
Calculate the greatest common divisor of 228 and 4200596.
76
Calculate the greatest common factor of 17459 and 3.
1
Calculate the greatest common divisor of 584 and 6454222.
146
What is the highest common factor of 8960 and 200?
40
Calculate the greatest common divisor of 392 and 42238.
98
What is the greatest common factor of 526 and 890518?
526
Calculate the highest common factor of 112 and 17402.
14
What is the highest common divisor of 166936 and 2439?
271
Calculate the highest common factor of 64631 and 1127.
49
Calculate the greatest common factor of 902968 and 22.
22
Calculate the highest common factor of 60304 and 16.
16
What is the highest common divisor of 1802 and 848?
106
What is the greatest common divisor of 998 and 84331?
499
Calculate the greatest common factor of 372 and 81964.
124
Calculate the greatest common divisor of 98 and 71246.
98
Calculate the highest common divisor of 832 and 1352.
104
What is the greatest common factor of 3462484 and 3306?
1102
Calculate the highest common factor of 13 and 63193.
13
Calculate the greatest common factor of 708 and 22479.
177
What is the highest common divisor of 40974 and 26?
2
Calculate the greatest common factor of 37320 and 1920.
120
What is the greatest common divisor of 1207 and 7?
1
Calculate the greatest common factor of 5607 and 252.
63
Calculate the highest common factor of 9975 and 741.
57
What is the highest common factor of 21343 and 161?
7
What is the greatest common divisor of 141501 and 606?
303
Calculate the highest common divisor of 26854 and 464.
58
Calculate the greatest common factor of 76515 and 15.
15
Calculate the greatest common factor of 104 and 1724164.
52
What is the greatest common factor of 21 and 7834281?
21
Calculate the highest common divisor of 95995 and 73.
73
What is the highest common factor of 12084 and 6897?
57
Calculate the greatest common divisor of 3720 and 7564.
124
What is the highest common factor of 8141897 and 443?
443
Calculate the greatest common divisor of 23901 and 186.
93
What is the highest common factor of 165 and 33735?
15
Calculate the highest common factor of 2491 and 2585.
47
Calculate the greatest common divisor of 26 and 25844.
26
What is the highest common factor of 1976 and 4693?
247
What is the highest common divisor of 990 and 940698?
198
What is the greatest common factor of 21 and 4044?
3
Calculate the greatest common divisor of 21285 and 1019315.
2365
What is the highest common divisor of 280917 and 315?
63
What is the greatest common factor of 32530 and 230?
10
What is the greatest common factor of 72543 and 6?
3
What is the greatest common divisor of 7426 and 21526?
94
Calculate the greatest common divisor of 673394 and 69.
23
What is the highest common divisor of 31464 and 37536?
552
Calculate the highest common divisor of 13756 and 17557.
181
What is the greatest common factor of 9261 and 27?
27
What is the greatest common factor of 70048 and 11616?
352
Calculate the highest common divisor of 11089 and 1105.
13
Calculate the greatest common factor of 54 and 1352.
2
Calculate the highest common factor of 265 and 2550.
5
What is the greatest common divisor of 15224 and 2376?
88
What is the greatest common divisor of 918 and 646?
34
Calculate the greatest common divisor of 48535 and 255.
85
What is the highest common factor of 25 and 8182550?
25
Calculate the greatest common factor of 442697 and 119.
17
What is the greatest common divisor of 10420 and 200?
20
Calculate the greatest common factor of 22 and 232573.
11
Calculate the highest common factor of 2214 and 72.
18
What is the greatest common divisor of 31168542 and 138?
138
Calculate the greatest common factor of 1756420 and 5.
5
What is the highest common divisor of 14109235 and 595?
595
What is the highest common factor of 2093867 and 74?
37
Calculate the highest common divisor of 989782 and 230.
46
What is the greatest common divisor of 92350 and 210?
10
What is the greatest common factor of 3 and 506349?
3
Calculate the highest common factor of 1917 and 153147.
213
What is the highest c